remainder when v(22) is divided by 27?
13
Suppose -624 = 2*f - 10*f. Let x = -74 + f. Calculate the remainder when 15 is divided by x.
3
Let r be ((-88)/20 - -4)*(-119 - 1). Suppose 4*k + i = 111, -2*k - i - i = -r. Calculate the remainder when k is divided by (1/(-2))/((-2)/32).
5
Let u = 2848 + -2332. What is the remainder when u is divided by 101?
11
What is the remainder when 138 is divided by 12*(8 - (-56)/(-12))?
18
Let l = -768 + 818. Calculate the remainder when 148 is divided by l.
48
Let k(h) = -9*h + 10. Suppose 0 = 9*c - 5*c + 24. Let p be k(c). Let o = p - 26. Calculate the remainder when o is divided by 13.
12
Suppose -3*a - w = -0*a - 82, 5*a + w - 140 = 0. Calculate the remainder when 67 is divided by a.
9
Let b = 7 + -4. Suppose -2*y - 10 = 0, -b*s + 64 = -s - 4*y. Calculate the remainder when s is divided by 5.
2
Suppose -5*p + 231 = 16*p. Calculate the remainder when 76 is divided by p.
10
Let n(l) = -62*l + 12. Let t be n(-4). Suppose 0*q = 5*i + 5*q - t, -5*i = 2*q - 245. What is the remainder when i is divided by 18?
11
Let q = 3 + 20. Let n be 72/(-20) - -4 - (-2772)/20. Suppose 2*u - 5*u = -5*j - n, j = 3*u - 131. What is the remainder when u is divided by q?
20
Let r(b) be the second derivative of b**3/2 + 2*b + 13. Calculate the remainder when r(10) is divided by 11.
8
Suppose 8*y = -75 + 451. What is the remainder when y is divided by 12?
11
Let f = -180 - -210. Let g = -5 + 13. What is the remainder when f is divided by g?
6
Let l(x) = 40*x - 24. Let f be l(2). Suppose 0 = -4*q - 4*c + 108, -5*q + 10*q - 3*c = 143. Let k = f - q. Calculate the remainder when k is divided by 10.
8
Let x be 12/4 + 58 - -3. Let p = x + 11. What is the remainder when p is divided by 20?
15
Suppose -370 = 123*g - 133*g. Calculate the remainder when 69 is divided by g.
32
Suppose -11 = -5*o + t, -6*o + 3*o - 2*t = -4. Let i be 95/(-10) + 1/o. Calculate the remainder when -2*1/2*i is divided by 3.
0
Suppose 62 - 140 = -s. Calculate the remainder when s is divided by 28.
22
Suppose -5*j = 3*t - 19, -2*j - 7*t + 2*t = 0. Calculate the remainder when ((4 - -148)/(-8))/(-8 + 7) is divided by j.
4
Let h(p) = 7*p**3 - 85*p**2 + 15*p - 11. Calculate the remainder when h(12) is divided by 12.
1
Let s = 3 + -15. Let v = s + 28. Suppose -m - v = -2*m. Calculate the remainder when m is divided by 6.
4
Let r be (-102)/27 - 4/18. Let t(f) = f**3 - 4*f**2 - 3*f + 5. Let w be t(r). Let b = w - -226. Calculate the remainder when b is divided by 29.
28
Let y(m) = m**2 - 15*m - 37. Suppose 4*u = -3*z + 69, 2*u + 3*z - 23 = 10. Calculate the remainder when y(u) is divided by (-74)/(-14) - 2/7.
2
Calculate the remainder when (-12 + 0)*(-4)/(16/53) is divided by 20.
19
Let d = 342 + -175. Suppose 6*h - d + 47 = 0. Suppose 320 - 25 = 5*f. What is the remainder when f is divided by h?
19
Suppose k - s + 1 = 3*k, 0 = -5*k + s + 13. Suppose -k*c - 76 = -6*c. What is the remainder when 54 is divided by c?
16
Let c(w) = w - 9. Let s be c(7). Suppose -2*y = m - 46 + 3, -3*y = 2*m - 64. Calculate the remainder when (1*2)/(s/(-63)) is divided by y.
19
Let o = 0 + 0. Suppose 38 = 2*v - o*v. Suppose 0 = -7*j - 6*j + 949. Calculate the remainder when j is divided by v.
16
Let u be (-5 + 2)/(12/40). Calculate the remainder when 35 is divided by 0 + 2 - (u + -1).
9
Let b(s) = 5*s**2 + 34*s - 16. What is the remainder when b(-11) is divided by 27?
26
Suppose 2*o + 6*c - 2*c - 26 = 0, -2*c + 10 = 0. Suppose -o*q + 5*a + 5 = 4, 2*q - 18 = -a. Calculate the remainder when 25 is divided by q.
4
Let h(v) = v**2 - 10*v - 34. What is the remainder when 32 is divided by h(13)?
2
Calculate the remainder when 293 is divided by (-60204)/(-783) + (0 - (-2)/18).
62
Let k(t) = 2*t**2 + 2*t - 8. Let x be k(3). Let b = x - 7. Calculate the remainder when (-24)/10*40/(-6) is divided by b.
7
Let h(y) = -y**3 + 13*y**2 + 2*y - 14. Let k be h(13). Let o(w) = w + 24. What is the remainder when 105 is divided by o(k)?
33
Suppose -9*w + 1299 = -6*w. Calculate the remainder when w is divided by 87.
85
Suppose -4*h = -40 - 276. What is the remainder when h is divided by 28?
23
Suppose -2*n - 6 + 10 = 0. Suppose -d = -n*d + 51. Suppose 5*i = -5*b + 105, -i = -3*b - 0*b + 83. What is the remainder when d is divided by b?
25
What is the remainder when 523 is divided by 16/(-12)*3 + 1 - -24?
19
Let k(a) = 2*a**3 - 3*a**2 + 4*a + 211. Calculate the remainder when k(0) is divided by 67.
10
Let k(i) = -18*i + 132. Calculate the remainder when k(-8) is divided by 14.
10
Suppose 4*q + 87 = 3*i, 2*i - 69 = 5*q - 4. Calculate the remainder when 92 is divided by i.
17
Suppose 41 = -2*g + 3*r, 4*g - r + 91 = -4*r. What is the remainder when g/5*(-15 + 0) is divided by (-453)/(-27) + 94/18 + -5?
15
Let s = -107 - -316. What is the remainder when s is divided by 35?
34
What is the remainder when 38/266 - 1/(7/(-1721)) is divided by 31?
29
Suppose -2*p = -6, 3*p = 3*v + v - 67. Suppose -t - 109 = -4*t + k, t + 2*k = 34. What is the remainder when t is divided by v?
17
Let a = -114 - -220. Let g(o) = -3*o**2 + 12*o + 6. What is the remainder when a is divided by g(2)?
16
Suppose -4*z + h = -506, -7*h + 8*h = -5*z + 637. What is the remainder when z is divided by 60?
7
Let n = 28 + 33. Calculate the remainder when n is divided by 32.
29
Suppose -50*j + 72 = -38*j. Suppose -2*p = 3*p - 135. Calculate the remainder when p is divided by j.
3
Let o(z) = -z**2 + 18*z + 50. What is the remainder when 3/((-9)/(-192)) - -3 is divided by o(20)?
7
Calculate the remainder when 135 is divided by (-2)/(-3) + 35/((-630)/(-132)).
7
Suppose -3*p + 5*f + 123 = 0, 6*f - 3*f = 0. What is the remainder when 118 is divided by p?
36
Suppose -3*z - 43 = 38. Let n = z + 42. What is the remainder when 27 is divided by n?
12
Let a = -261 - -273. Calculate the remainder when 190 is divided by a.
10
Let p = -159 - -309. Calculate the remainder when p is divided by 22.
18
Suppose -4*w + 1 + 7 = 0. Let s = w - 4. Calculate the remainder when 4 is divided by (30/(-20))/(s/4).
1
Calculate the remainder when (-6)/(-8)*(-333656)/(-537) is divided by 14.
4
Suppose -2*m = -4*u - 240, -3*u - 3*m - 181 = -4*m. Let c = u - -66. Calculate the remainder when c is divided by (9/(-6))/((-3)/8).
1
Suppose -4*a + 60 = -56. Suppose -o - 3 = -5*t, -2*o - a = -5*t - 3. Let n = o - -35. Calculate the remainder when n is divided by 8.
4
Suppose 6*p - 5*p + 29 = 0. Let r = p - -67. What is the remainder when r is divided by 13?
12
Let v be 7/(-21)*3*5. Let u(t) = -t**3 - 6*t**2 - 7*t - 5. Let b be u(v). Suppose -5 - 25 = -b*p. What is the remainder when 21 is divided by p?
3
Let m(y) = -y**2 + 5*y - 7. Let k be m(2). Let g(f) = -f**2 - f + 3. Let u be g(0). What is the remainder when 19 is divided by 3/u*(k - -11)?
9
Suppose -2*q - 169 = -3*f, -f + 5*q + 3 = -49. Let v = -54 + f. What is the remainder when v is divided by 2?
1
Let i(g) = 9*g + 6. Let d be (12/15)/((-2)/115 - 0). Let p = d - -72. What is the remainder when i(5) is divided by p?
25
Suppose 0 = -2*v + 13 + 65. Let k(c) = 19*c**2 - 10*c - 9. Calculate the remainder when v is divided by k(-1).
19
Suppose 3*i = 4*t + 230, -9*t = -4*i - 5*t + 300. What is the remainder when i is divided by 17?
2
Let j = -52 + 128. What is the remainder when j is divided by 21?
13
Let v(c) = c**3 + 14*c**2 - 8*c + 67. What is the remainder when v(-14) is divided by 29?
5
Let m(a) = -a**2 - 75*a - 411. Let w = -5 + 10. What is the remainder when w is divided by m(-69)?
2
Let w = 284 + -54. Calculate the remainder when w is divided by 58.
56
Suppose -2*q = -7*q + 175. Let h = 6 + -2. What is the remainder when ((-60)/q)/(4/(-14)) is divided by h?
2
Calculate the remainder when (-3 - 2)*(-31 - (-3 - 8)) is divided by 28.
16
Let s(n) = 6*n - 7. Let m be s(12). Suppose 0 = -4*d - d + m. Let r = 30 - d. What is the remainder when 65 is divided by r?
14
Let i = 46 + -28. Calculate the remainder when i is divided by (-2)/((-9)/(-12) - 41/44).
7
Calculate the remainder when 32 is divided by 1/((-5)/(-125)*5).
2
Suppose -3*r = 5*b - 60, -3*b - 3*r + 29 + 7 = 0. Let y(t) = 23*t + 367. What is the remainder when y(-15) is divided by b?
10
Let w = -2945 + 2990. Let y(l) = l - 9. Let p be y(0). Let d = 25 + p. What is the remainder w